(-14)/(-3) - 6/y. Suppose -5*r - j*a + 1487 = -0*r, a = 4*r - 1198. Is r a composite number?
True
Is (-14939)/2*(58 + -14)/(-11) prime?
False
Suppose -4*u - 1996 = -0*u. Let r = 382 + -732. Let y = r - u. Is y a prime number?
True
Let g(r) = 120*r + 3. Let t(a) = -360*a - 8. Let o(p) = 17*g(p) + 6*t(p). Let n be o(-3). Let i = 148 + n. Is i composite?
True
Let n(g) be the first derivative of -277*g**2/2 - g + 3. Let j be 3*1*(-4)/6. Is n(j) a prime number?
False
Let s(c) = -102*c + 2. Let a(i) = -204*i + 4. Let o(v) = -2*a(v) + 5*s(v). Let l be o(-2). Suppose -p + 207 + l = 0. Is p composite?
True
Suppose -81903 = -4*p + q, 2*q = 5*p - 32968 - 69407. Is p a composite number?
False
Let w be (4 + -5)/(3/(-5634)). Suppose 3*p - 2535 - w = 0. Is p a prime number?
True
Suppose -f - 16 = -m, 3*f = 4*m - 58 - 2. Is 2648/m*(-9)/(-6) a prime number?
True
Suppose -478 = 4*a - 5922. Is a prime?
True
Let l(r) = -r**3 + 5*r**2 + r + 1. Let n = 6 + -2. Let h(w) = -w**3 + 4*w**2 + 2*w + 2. Let o(j) = n*l(j) - 3*h(j). Is o(7) a composite number?
True
Suppose -20 = 3*v + v, -2*q + 5 = v. Suppose -q*k - 38 = -3*k. Let h = k - -32. Is h prime?
True
Let q = 8 - 4. Suppose -6*b = -q*b - 4. Let w(i) = 35*i**2 + i - 1. Is w(b) a composite number?
True
Let b = 108 + -108. Suppose -l + 3225 = 4*h, -l - h - 625 + 3853 = b. Is l prime?
True
Let d(j) = j**2 + 4*j - 7. Let t be d(-6). Suppose 2*y = 1 - t. Is 20 + y + (4 - 8) composite?
True
Suppose -3*s = 3*v - 360, -4*s - v = -5*s + 128. Let m be (-5 - s) + 1 + 1. Is (3 - (4 + 0))*m a composite number?
False
Let u(m) = 2*m**3 - m**2 - 16*m + 10. Let v be 4*(-3)/((-10)/(-4) + -4). Is u(v) a composite number?
True
Suppose 24725 = i + u, -4*i + 36*u = 34*u - 98912. Is i a prime number?
False
Let x(s) = -4 - 4 + 1 + 4*s + 35*s**2. Let y be x(5). Let f = y + -442. Is f a composite number?
True
Let s = -27 - -27. Suppose z - 5*i + i - 225 = s, -5*z - 3*i + 1194 = 0. Is z composite?
True
Let i(y) = 683*y**2 + 22*y + 88. Is i(-7) a composite number?
True
Let t(v) = -1. Let h(k) = 85*k - 67. Let q(s) = -h(s) - 2*t(s). Is q(-17) a composite number?
True
Suppose -31466 = -4*w - 2*t, -3*w + t = -0*t - 23602. Is w composite?
False
Let y(q) = 178*q - 3. Suppose -5*k + 11*h + 34 = 8*h, h + 18 = 3*k. Is y(k) composite?
False
Let t(c) = 3 + 2*c**2 - c - 423*c**3 + 57*c**3 - 3*c**2 - 60*c**3. Is t(-2) composite?
True
Let q(v) = -v**3 - 5*v + 1. Let f be 1 + 0 + -13 + 10. Let h be (f/(-4))/(3/(-24)). Is q(h) a prime number?
False
Suppose z + 13 = 85. Let p = -26 + z. Is p a composite number?
True
Let n = 2282 + -375. Is n prime?
True
Let q = -8 - -10. Let u be (-1180 + 3 - -3)/q. Let l = u + 994. Is l a composite number?
True
Let y = 482 + -63. Is y composite?
False
Let j(n) = 3233*n - 111. Is j(4) prime?
True
Suppose 123078 = 5*m + 3*p - 295141, 2*m - 167286 = -2*p. Is m a composite number?
True
Suppose k = 2*k - 2*v + 160, -k - 163 = v. Let w = -6 - 77. Let p = w - k. Is p a composite number?
False
Let b = 96 + -310. Let d = b + 521. Is d a prime number?
True
Suppose 3*o - 5*l + 8 = 0, -3*l = 3*o - 13 - 11. Suppose -5*z + 608 = o*a, 4*a - z - 197 - 435 = 0. Is a a composite number?
False
Let o(v) = -v**2 + 1. Suppose a + 0 = -4. Let d be o(a). Is 10/d*(-198)/4 prime?
False
Let g be 3 - (-3)/6*14. Let u = -9 + g. Is 476/6 - u/3 prime?
True
Let w = 250 - 73. Let g = w - 28. Is g prime?
True
Let r be 13*5/(5/631). Suppose -11*m + r = 2*m. Is m composite?
False
Let c(k) be the second derivative of -k**3/6 - 5*k**2 - 4*k. Let h be c(-10). Suppose -6*t + 1141 - 19 = h. Is t prime?
False
Let b = 12948 - 4025. Is b composite?
False
Let f(u) = 303*u**2 + 7*u + 3. Let q be f(4). Let a = q + 127. Is a composite?
True
Let h be (2/10)/((-5)/(-75)). Suppose -30 = h*n + 2*n. Let a(f) = f**3 + 10*f**2 + 4*f - 5. Is a(n) composite?
True
Let b(s) = -5*s + 11. Suppose -3*y + h = -24, 2*h = -7 + 1. Let w be b(y). Is (-2426)/(-8) + w/96 prime?
False
Let t(f) be the first derivative of f**4/2 - 4*f**2 - 5*f + 3. Is t(5) a prime number?
False
Let s = -2 - -12. Let q be 18*(15/s + -1). Is 6461/6 - q/(-54) composite?
True
Let z = 6 - 8. Let d(t) = t**3 - 22*t**2 - 46*t - 42. Let s be d(24). Is (-3)/z*388/s prime?
True
Suppose -3*q + 7*q - 4389 = -3*o, 3*q - 2*o = 3313. Is q composite?
True
Let w(r) = 2*r**2 + 39*r - 40. Let m be w(-30). Suppose -2*q - 4*h + 16 = 0, 2*h - 6*h = -3*q + 4. Is (0 + m)/(q + -2) a composite number?
True
Let a(h) = 11*h**2 - 2*h. Let z(b) = -6*b**2 + b. Let x(t) = -6*a(t) - 13*z(t). Is x(-1) a composite number?
False
Suppose 17*a - 79951 = 17476. Is a a prime number?
False
Let h be (-8)/(-48) - (-7905)/(-18). Let p = h + 1346. Is p prime?
True
Let l(y) = -y**3 + 9*y**2 - 15*y + 11. Let r be l(7). Suppose -8101 + 1329 = -r*a. Is a prime?
True
Let r = -13 + 17. Let h(x) = -x**3 + x**2 - x. Let w(f) = 3*f**3 - 4*f**2 + 4*f - 2. Let a(o) = -5*h(o) - w(o). Is a(r) a prime number?
False
Is -5*29/(-5)*97 composite?
True
Let l(h) be the first derivative of -h**4/4 + 16*h**3/3 + h**2 + 6*h + 6. Let w be l(7). Suppose -4*y = -47 - w. Is y prime?
True
Let o(v) = 5866*v + 295. Is o(6) prime?
True
Suppose 8*z - 6*z - 22031 = w, w + 44057 = 4*z. Is z a composite number?
True
Let l be 1/(4/8*-2) - 7. Is (844 - 1)*(-8)/l a prime number?
False
Suppose -3*a + 48 = 3*w - 0*w, w = 4*a - 84. Suppose -3*g = a - 5. Let o(h) = -10*h - 7. Is o(g) a prime number?
True
Let j be (-22435)/(-65) - (-4)/(-26). Suppose -3*t + 2*s = -j, 5*s + 241 = -t + 3*t. Is t a prime number?
True
Suppose 0 = 3*m - 1537 - 971. Let u = 1317 + m. Is u a composite number?
False
Suppose -5*z + 2*f = -z + 2, 0 = 5*z + 4*f - 4. Suppose z*j + 4 = 2*j. Let n = j - -9. Is n prime?
True
Let m = -61 + 57. Is (-1774)/(m + (-5 - -7)) prime?
True
Let m be (-7 - -5) + 2 + 0. Suppose m = -5*a - 0*a - 35. Is -28*-1*a/(-4) a prime number?
False
Suppose -2*u - 8 = -0*u. Is (14 - 6828)/(u + 2 + 0) a prime number?
True
Let t(m) = -m - 1. Let h(p) = -p + 321. Let l(n) = h(n) - 2*t(n). Let z be (0 - 0)/(-1 + 3). Is l(z) composite?
True
Let q be (-2)/4 - (-58681)/14. Let g = 7462 - q. Is g a composite number?
False
Suppose -4*s + 8 = j + 3*j, -2*j + 5*s + 11 = 0. Suppose 3*h - 2032 = -5*g + 2*h, -1224 = -j*g + h. Is g a composite number?
True
Let k(q) = -1421*q + 246. Is k(-11) a prime number?
True
Let y(h) = 6*h**2 + 4*h - 20. Let l(k) = -6*k**2 - 5*k + 21. Let u(c) = -7*l(c) - 6*y(c). Let a = -1 - 19. Is u(a) composite?
False
Let j be (-3 - -4 - 0)*11. Let a = j + -9. Suppose -3*q + 0*k + 4*k = -51, -a*q - 5*k + 11 = 0. Is q prime?
True
Let a(b) = 7*b**3 - 5*b**2 + 5*b - 11. Is a(8) a prime number?
False
Suppose -15*b + 10*b = -14995. Is b a composite number?
False
Suppose 3*a = -2*a + 5, h - 2*a - 68 = 0. Suppose 140 + h = -5*x. Is 206/6 + 14/x a composite number?
True
Suppose -i + 33707 = 2*n, 4*i - 17*n = -16*n + 134810. Is i a prime number?
True
Let c(s) = s - 9. Let j be c(11). Suppose y + 351 = r, 8*r - 3*r = -3*y + 1779. Suppose 0 = -p + j*t + 95, -p - 5*t + r = 3*p. Is p a composite number?
True
Suppose 2*s = -0*s + 4. Let k(j) = 163*j**2 - 4*j + 3*j + 1 + s*j. Is k(-1) a prime number?
True
Let j(w) = -3*w - 75. Let y be j(0). Suppose -147 = -2*z + 1. Let a = z - y. Is a a composite number?
False
Let a(x) = -43*x**3 - 3*x**2 - 5*x - 11. Is a(-6) prime?
True
Let a = 4594 + -2541. Is a prime?
True
Let m(l) = 3*l**2 - 3*l - 5. Let c be m(-7). Let w be (-17)/(1 - (-12)/(-16)). Let t = w + c. Is t a prime number?
False
Let f(a) = a**3 - 3*a**2 + 2*a + 1. Let p(g) = -g**2 + 4*g. Suppose -3 = -y - 0. Let b be p(y). Is f(b) composite?
False
Is 65014 - 23 - (-8 + 3 - 1) a prime number?
True
Is 21/(-21) + 5*12786 prime?
True
Let d(j) = 16*j + 185. Is d(21) a prime number?
True
Is 3 + -33546*(4 - 42/9) prime?
True
Let s(u) = u**2 + 7*u + 7. Let l be s(-7). Let m = 8 - l. Is -94*(-3 + m) - 3 composite?
True
Suppose -4*u + 2*u = -v + 2499, -2*u - 2495 = -5*v. Let o = u + 1967. Is o a prime number?
False
Let s(n) = 473*n**2 + n + 1. Let x = 12 + -13. Is s(x) composite?
True
Suppose -3*w - 4*b + 194017 = 0, -32690 = -4*w + 2*b + 225970. Is w a prime number?
True
Let s = -172 - -911. Is s a composite number?
False
Let b = -612 + 6. Let g = b - -973. Is g prime?
True
Let o(p) = -27*p**2 + 17*p + 10. Let k(i